f 1180?
1
What is the hundreds digit of 722?
7
What is the tens digit of 11971?
7
What is the units digit of 4829?
9
What is the tens digit of 924?
2
What is the thousands digit of 6922?
6
What is the hundreds digit of 45121?
1
What is the hundreds digit of 3614?
6
What is the units digit of 184?
4
What is the tens digit of 2068?
6
What is the hundreds digit of 2977?
9
What is the thousands digit of 61972?
1
What is the tens digit of 24998?
9
What is the thousands digit of 13597?
3
What is the tens digit of 1049?
4
What is the hundreds digit of 42108?
1
What is the tens digit of 876?
7
What is the tens digit of 4197?
9
What is the units digit of 18384?
4
What is the hundreds digit of 1407?
4
What is the tens digit of 37796?
9
What is the units digit of 842?
2
What is the thousands digit of 3187?
3
What is the hundreds digit of 22416?
4
What is the ten thousands digit of 12609?
1
What is the units digit of 653?
3
What is the thousands digit of 6063?
6
What is the hundreds digit of 1042?
0
What is the tens digit of 43523?
2
What is the hundreds digit of 28869?
8
What is the thousands digit of 4131?
4
What is the units digit of 563?
3
What is the hundreds digit of 6124?
1
What is the tens digit of 5063?
6
What is the thousands digit of 1341?
1
What is the units digit of 8188?
8
What is the hundreds digit of 2431?
4
What is the hundreds digit of 6487?
4
What is the tens digit of 3838?
3
What is the hundreds digit of 1204?
2
What is the units digit of 12564?
4
What is the tens digit of 92951?
5
What is the units digit of 526?
6
What is the hundreds digit of 796?
7
What is the hundreds digit of 10270?
2
What is the hundreds digit of 229?
2
What is the tens digit of 10616?
1
What is the tens digit of 13845?
4
What is the hundreds digit of 32358?
3
What is the hundreds digit of 10102?
1
What is the thousands digit of 2251?
2
What is the ten thousands digit of 11545?
1
What is the tens digit of 355?
5
What is the hundreds digit of 739?
7
What is the ten thousands digit of 12411?
1
What is the units digit of 1327?
7
What is the tens digit of 1087?
8
What is the tens digit of 6883?
8
What is the units digit of 2633?
3
What is the thousands digit of 4649?
4
What is the tens digit of 60641?
4
What is the hundreds digit of 9366?
3
What is the tens digit of 321?
2
What is the tens digit of 1560?
6
What is the units digit of 761?
1
What is the ten thousands digit of 161246?
6
What is the units digit of 6067?
7
What is the units digit of 19419?
9
What is the units digit of 827?
7
What is the thousands digit of 6950?
6
What is the units digit of 65840?
0
What is the hundreds digit of 8913?
9
What is the hundreds digit of 130?
1
What is the tens digit of 31968?
6
What is the thousands digit of 91041?
1
What is the tens digit of 6777?
7
What is the ten thousands digit of 95667?
9
What is the hundreds digit of 9233?
2
What is the units digit of 33374?
4
What is the ten thousands digit of 207896?
0
What is the hundreds digit of 561?
5
What is the tens digit of 542?
4
What is the tens digit of 1452?
5
What is the ten thousands digit of 45503?
4
What is the tens digit of 18330?
3
What is the thousands digit of 14753?
4
What is the thousands digit of 6418?
6
What is the units digit of 11000?
0
What is the units digit of 2316?
6
What is the ten thousands digit of 59022?
5
What is the units digit of 8708?
8
What is the thousands digit of 1077?
1
What is the hundreds digit of 142151?
1
What is the ten thousands digit of 49403?
4
What is the thousands digit of 7284?
7
What is the thousands digit of 13306?
3
What is the tens digit of 11032?
3
What is the thousands digit of 1426?
1
What is the thousands digit of 11914?
1
What is the hundreds digit of 821?
8
What is the units digit of 14337?
7
What is the ten thousands digit of 20654?
2
What is the units digit of 1347?
7
What is the units digit of 378?
8
What is the tens digit of 3463?
6
What is the tens digit of 45950?
5
What is the hundreds digit of 9247?
2
What is the thousands digit of 1253?
1
What is the units digit of 5?
5
What is the units digit of 336?
6
What is the hundreds digit of 826?
8
What is the tens digit of 18497?
9
What is the tens digit of 1735?
3
What is the hundreds digit of 7723?
7
What is the ten thousands digit of 21918?
2
What is the hundreds digit of 39249?
2
What is the thousands digit of 33519?
3
What is the hundreds digit of 9934?
9
What is the tens digit of 230?
3
What is the tens digit of 3104?
0
What is the tens digit of 164?
6
What is the hundreds digit of 14286?
2
What is the hundreds digit of 3143?
1
What is the hundreds digit of 758?
7
What is the thousands digit of 59617?
9
What is the units digit of 2662?
2
What is the hundreds digit of 728?
7
What is the units digit of 6152?
2
What is the hundreds digit of 532?
5
What is the hundreds digit of 11470?
4
What is the hundreds digit of 1984?
9
What is the tens digit of 325?
2
What is the tens digit of 20773?
7
What is the thousands digit of 25280?
5
What is the units digit of 1826?
6
What is the hundreds digit of 8141?
1
What is the units digit of 12059?
9
What is the hundreds digit of 33188?
1
What is the thousands digit of 7765?
7
What is the hundreds digit of 1831?
8
What is the ten thousands digit of 67090?
6
What is the tens digit of 83?
8
What is the units digit of 26017?
7
What is the ten thousands digit of 15148?
1
What is the units digit of 47661?
1
What is the thousands digit of 6530?
6
What is the thousands digit of 2095?
2
What is the hundreds digit of 5699?
6
What is the thousands digit of 11671?
1
What is the thousands digit of 1701?
1
What is the units digit of 21884?
4
What is the thousands digit of 1493?
1
What is the units digit of 706?
6
What is the ten thousands digit of 30862?
3
What is the tens digit of 632?
3
What is the tens digit of 65471?
7
What is the thousands digit of 3703?
3
What is the units digit of 13759?
9
What is the thousands digit of 4727?
4
What is the ten thousands digit of 28247?
2
What is the hundreds digit of 798?
7
What is the units digit of 1184?
4
What is the hundreds digit of 876?
8
What is the units digit of 27334?
4
What is the hundreds digit of 943?
9
What is the units digit of 147770?
0
What is the ten thousands digit of 12116?
1
What is the ten thousands digit of 25950?
2
What is the hundreds digit of 506?
5
What is the hundreds digit of 418?
4
What is the thousands digit of 119420?
9
What is the units digit of 111455?
5
What is the units digit of 79769?
9
What is the thousands digit of 1338?
1
What is the ten thousands digit of 13505?
1
What is the hundreds digit of 249?
2
What is the units digit of 3034?
4
What is the tens digit of 26984?
8
What is the tens digit of 2086?
8
What is the units digit of 2084?
4
What is the units digit of 14743?
3
What is the hundreds digit of 236?
2
What is the tens digit of 42096?
9
What is the units digit of 7243?
3
What is the thousands digit of 44429?
4
What is the hundreds digit of 66969?
9
What is the tens digit of 20227?
2
What is the tens digit of 3885?
8
What is the hundreds digit of 966?
9
What is the thousands digit of 4906?
4
What is the tens digit of 83272?
7
What is the thousands digit of 67711?
7
What is the units digit of 1456?
6
What is the ten thousands digit of 10145?
1
What is the units digit of 1089?
9
What is the tens digit of 29387?
8
What is the units digit of 2079?
9
What is the units digit of 1262?
2
What is the hundreds digit of 210?
2
What is the thousands digit of 2133?
2
What is the units digit of 30295?
5
What is the thousands digit of 9826?
9
What is the tens digit of 1098?
9
What is the units digit of 7598?
8
What is the tens digit of 3062?
6
What is the hundreds digit of 759?
7
What is the hundreds digit of 2630?
6
What is the units digit of 2193?
3
What is the hundred thousands digit of 151148?
1
What is the ten thousands digit of 39377?
3
What is the units digit of 253?
3
What is the thousands digit of 114433?
4
What is the units digit of 7215?
5
What is the units digit of 26942?
2
What is the thousands digit of 5373?
5
What is the units digit of 17212?
2
What is the thousands digit of 3858?
3
What is the tens digit of 1672?
7
What is the hundreds digit of 5442?
4
What is the tens digit of 537?
3
What is the hundreds d